{"id":26,"date":"2025-09-22T22:07:00","date_gmt":"2025-09-22T22:07:00","guid":{"rendered":"https:\/\/www.gcgmaf.org\/?page_id=26"},"modified":"2025-10-01T21:57:15","modified_gmt":"2025-10-01T21:57:15","slug":"saint-laurent-le-martyr","status":"publish","type":"page","link":"https:\/\/www.gcgmaf.org\/index.php\/saint-laurent-le-martyr\/","title":{"rendered":"Saint Laurent le Martyr"},"content":{"rendered":"\n<p><strong>Description du Grade<\/strong><br>Le grade de Saint Laurent le Martyr est le premier degr\u00e9 conf\u00e9r\u00e9 au sein des Conseils des Degr\u00e9s Ma\u00e7onniques Alli\u00e9s, tant dans la juridiction anglaise qu&rsquo;am\u00e9ricaine. Il sert de porte d&rsquo;entr\u00e9e \u00e0 ce syst\u00e8me ma\u00e7onnique.<br>La c\u00e9r\u00e9monie est bas\u00e9e sur la l\u00e9gende du martyre de Laurent de Rome, un diacre du IIIe si\u00e8cle qui fut l&rsquo;un des premiers administrateurs de l&rsquo;\u00c9glise chr\u00e9tienne. Selon la tradition, alors que l&#8217;empereur Val\u00e9rien pers\u00e9cutait les chr\u00e9tiens et exigeait qu&rsquo;on lui remette les tr\u00e9sors de l&rsquo;\u00c9glise, Laurent rassembla les pauvres, les infirmes et les souffrants, les pr\u00e9sentant au pr\u00e9fet comme \u00e9tant les \u00ab\u00a0v\u00e9ritables tr\u00e9sors de l&rsquo;\u00c9glise\u00a0\u00bb. En guise de punition pour son d\u00e9fi et sa foi in\u00e9branlable, il fut condamn\u00e9 \u00e0 \u00eatre br\u00fbl\u00e9 vif sur un gril. Le rituel met en sc\u00e8ne ce r\u00e9cit pour illustrer la force de caract\u00e8re face \u00e0 l&rsquo;oppression et la tyrannie.<\/p>\n\n\n\n<p><strong>Historique du Grade<\/strong><br>Les origines exactes du grade de Saint Laurent le Martyr sont difficiles \u00e0 dater avec pr\u00e9cision, comme c&rsquo;est le cas pour de nombreux grades ma\u00e7onniques anciens. Cependant, des traces de son existence apparaissent en Angleterre et en Irlande d\u00e8s la fin du XVIIIe si\u00e8cle. Il faisait partie des nombreux grades qui \u00e9taient travaill\u00e9s de mani\u00e8re ind\u00e9pendante ou au sein d&rsquo;autres syst\u00e8mes ma\u00e7onniques avant d&rsquo;\u00eatre regroup\u00e9s.<br>Lorsque le Grand Conseil des Degr\u00e9s Ma\u00e7onniques Alli\u00e9s d&rsquo;Angleterre et du Pays de Galles a \u00e9t\u00e9 form\u00e9 en 1879, il a eu pour mission de pr\u00e9server et d&rsquo;administrer plusieurs de ces grades qui risquaient de dispara\u00eetre. Le grade de Saint Laurent le Martyr a \u00e9t\u00e9 choisi pour \u00eatre le grade fondamental de ce nouveau syst\u00e8me, celui par lequel tous les membres devaient passer pour acc\u00e9der aux autres. Il a ainsi \u00e9t\u00e9 formellement \u00e9tabli comme le premier des cinq grades de la constitution anglaise.<\/p>\n\n\n\n<p><strong>Grandes Valeurs Enseign\u00e9es<\/strong><br>Le grade de Saint Laurent le Martyr met l&rsquo;accent sur plusieurs vertus cardinales \u00e0 travers son rituel et sa symbolique. Les principales valeurs enseign\u00e9es sont :<br>La Constance et la Foi : La valeur centrale est la capacit\u00e9 \u00e0 rester fid\u00e8le \u00e0 ses convictions et \u00e0 sa foi, m\u00eame face aux plus grandes \u00e9preuves et \u00e0 la mort.<br>Le Courage : Le grade exalte le courage face \u00e0 la tyrannie et \u00e0 l&rsquo;oppression, encourageant le ma\u00e7on \u00e0 d\u00e9fendre ce qui est juste sans c\u00e9der \u00e0 la peur.<br>La Bienveillance et la Charit\u00e9 : En pr\u00e9sentant les pauvres comme les v\u00e9ritables tr\u00e9sors, le grade enseigne une le\u00e7on puissante sur l&rsquo;importance de la charit\u00e9, de la compassion et du soin apport\u00e9 aux plus d\u00e9munis.<br>Le Sacrifice : Il illustre l&rsquo;id\u00e9e du sacrifice de soi pour des principes sup\u00e9rieurs et pour le bien-\u00eatre d&rsquo;autrui.<br>La Force d&rsquo;\u00c2me : Le grade est une all\u00e9gorie sur la force int\u00e9rieure qui permet de supporter l&rsquo;adversit\u00e9 et la souffrance avec dignit\u00e9 et fermet\u00e9.<\/p>\n","protected":false},"excerpt":{"rendered":"<p>Description du GradeLe grade de Saint Laurent le Martyr est le premier degr\u00e9 conf\u00e9r\u00e9 au sein des Conseils des Degr\u00e9s Ma\u00e7onniques Alli\u00e9s, tant dans la juridiction anglaise qu&rsquo;am\u00e9ricaine. Il sert de porte d&rsquo;entr\u00e9e \u00e0 ce syst\u00e8me ma\u00e7onnique.La c\u00e9r\u00e9monie est bas\u00e9e sur la l\u00e9gende du martyre de Laurent de Rome, un diacre du IIIe si\u00e8cle qui fut l&rsquo;un des premiers administrateurs de l&rsquo;\u00c9glise chr\u00e9tienne. Selon la tradition, alors que l&#8217;empereur Val\u00e9rien pers\u00e9cutait les chr\u00e9tiens et exigeait qu&rsquo;on lui remette les tr\u00e9sors de l&rsquo;\u00c9glise, Laurent rassembla les pauvres, les infirmes et les souffrants, les pr\u00e9sentant au pr\u00e9fet comme \u00e9tant les \u00ab\u00a0v\u00e9ritables tr\u00e9sors de l&rsquo;\u00c9glise\u00a0\u00bb. En guise de punition pour son d\u00e9fi et sa foi in\u00e9branlable, il fut condamn\u00e9 \u00e0 \u00eatre br\u00fbl\u00e9 vif sur un gril. Le rituel met en sc\u00e8ne ce r\u00e9cit pour illustrer la force de caract\u00e8re face \u00e0 l&rsquo;oppression et la tyrannie. Historique du GradeLes origines exactes du grade de Saint Laurent le Martyr sont difficiles \u00e0 dater avec pr\u00e9cision, comme c&rsquo;est le cas pour de nombreux grades ma\u00e7onniques anciens. Cependant, des traces de son existence apparaissent en Angleterre et en Irlande d\u00e8s la fin du XVIIIe si\u00e8cle. Il faisait partie des nombreux grades qui \u00e9taient travaill\u00e9s de mani\u00e8re ind\u00e9pendante ou au sein d&rsquo;autres syst\u00e8mes ma\u00e7onniques avant d&rsquo;\u00eatre regroup\u00e9s.Lorsque le Grand Conseil des Degr\u00e9s Ma\u00e7onniques Alli\u00e9s d&rsquo;Angleterre et du Pays de Galles a \u00e9t\u00e9 form\u00e9 en 1879, il a eu pour mission de pr\u00e9server et d&rsquo;administrer plusieurs de ces grades qui risquaient de dispara\u00eetre. Le grade de Saint Laurent le Martyr a \u00e9t\u00e9 choisi pour \u00eatre le grade fondamental de ce nouveau syst\u00e8me, celui par lequel tous les membres devaient passer pour acc\u00e9der aux autres. Il a ainsi \u00e9t\u00e9 formellement \u00e9tabli comme le premier des cinq grades de la constitution anglaise. Grandes Valeurs Enseign\u00e9esLe grade de Saint Laurent le Martyr met l&rsquo;accent sur plusieurs vertus cardinales \u00e0 travers son rituel et sa symbolique. Les principales valeurs enseign\u00e9es sont :La Constance et la Foi : La valeur centrale est la capacit\u00e9 \u00e0 rester fid\u00e8le \u00e0 ses convictions et \u00e0 sa foi, m\u00eame face aux plus grandes \u00e9preuves et \u00e0 la mort.Le Courage : Le grade exalte le courage face \u00e0 la tyrannie et \u00e0 l&rsquo;oppression, encourageant le ma\u00e7on \u00e0 d\u00e9fendre ce qui est juste sans c\u00e9der \u00e0 la peur.La Bienveillance et la Charit\u00e9 : En pr\u00e9sentant les pauvres comme les v\u00e9ritables tr\u00e9sors, le grade enseigne une le\u00e7on puissante sur l&rsquo;importance de la charit\u00e9, de la compassion et du soin apport\u00e9 aux plus d\u00e9munis.Le Sacrifice : Il illustre l&rsquo;id\u00e9e du sacrifice de soi pour des principes sup\u00e9rieurs et pour le bien-\u00eatre d&rsquo;autrui.La Force d&rsquo;\u00c2me : Le grade est une all\u00e9gorie sur la force int\u00e9rieure qui permet de supporter l&rsquo;adversit\u00e9 et la souffrance avec dignit\u00e9 et fermet\u00e9.<\/p>\n","protected":false},"author":1,"featured_media":0,"parent":0,"menu_order":0,"comment_status":"closed","ping_status":"closed","template":"","meta":{"footnotes":""},"class_list":["post-26","page","type-page","status-publish","hentry"],"_links":{"self":[{"href":"https:\/\/www.gcgmaf.org\/index.php\/wp-json\/wp\/v2\/pages\/26","targetHints":{"allow":["GET"]}}],"collection":[{"href":"https:\/\/www.gcgmaf.org\/index.php\/wp-json\/wp\/v2\/pages"}],"about":[{"href":"https:\/\/www.gcgmaf.org\/index.php\/wp-json\/wp\/v2\/types\/page"}],"author":[{"embeddable":true,"href":"https:\/\/www.gcgmaf.org\/index.php\/wp-json\/wp\/v2\/users\/1"}],"replies":[{"embeddable":true,"href":"https:\/\/www.gcgmaf.org\/index.php\/wp-json\/wp\/v2\/comments?post=26"}],"version-history":[{"count":2,"href":"https:\/\/www.gcgmaf.org\/index.php\/wp-json\/wp\/v2\/pages\/26\/revisions"}],"predecessor-version":[{"id":113,"href":"https:\/\/www.gcgmaf.org\/index.php\/wp-json\/wp\/v2\/pages\/26\/revisions\/113"}],"wp:attachment":[{"href":"https:\/\/www.gcgmaf.org\/index.php\/wp-json\/wp\/v2\/media?parent=26"}],"curies":[{"name":"wp","href":"https:\/\/api.w.org\/{rel}","templated":true}]}}